x + -21. Let a = -8 + i. What are the prime factors of a?
2, 3
Let j(h) = -4*h**2 - 4*h + 13. Let z(f) = f**2 + f - 1. Let a(p) = j(p) + 5*z(p). What are the prime factors of a(4)?
2, 7
Suppose 3*f = -6, 2*k - 5*f = 5*k - 14. Suppose -c - c - k = 0. Let y(g) = -5*g - 5. List the prime factors of y(c).
3, 5
Let r = -95 + 100. Suppose -3*l = 2*p - 439, -r*p + 0*l + 1065 = l. List the prime factors of p.
2, 53
Suppose 25*s = 29*s + 224. List the prime factors of 114 + 42/s + 1/(-4).
113
Let c = 50 + -50. List the prime factors of (-126)/18*((c - 3) + -1).
2, 7
Let g(j) = j**3 + 6*j**2 - 5*j - 5. Let h be g(-6). Suppose -24*w - 316 = -h*w. Suppose -4*z = -4*f - w, 5*z + 4*f - 407 = 5*f. List the prime factors of z.
2, 41
Suppose 8 = -2*h - 2*m + 4, -4*m - 8 = 2*h. Suppose h = f - 6*f + 60. List the prime factors of f.
2, 3
Suppose 20*o - 18*o - 5*s = 1338, 0 = -2*o + 2*s + 1344. List the prime factors of o.
2, 337
Let s be (141/(-2))/(18/(-48)). Suppose -2*z - 3 = -13. Suppose 4*j = 5*r + 236, -2*j + z*j = r + s. List the prime factors of j.
2
Suppose 17*x = -89 - 98. Suppose 0 = 4*h - 54 - 26. Let b = x + h. List the prime factors of b.
3
Suppose 5*s - 811 = s + 3*j, -15 = 3*j. Let a = s - 81. List the prime factors of a.
2, 59
Let l(o) = -39*o - 18. Let b(g) = -13*g - 6. Let p(i) = 21*b(i) - 6*l(i). List the prime factors of p(-4).
2, 3, 23
Suppose -2*p - 5*b = -460 - 15, -693 = -3*p - b. Suppose u = 5*s - p - 414, -5*s - u = -646. List the prime factors of s.
3, 43
List the prime factors of 41 + 6/(54/9).
2, 3, 7
Let y be (-4 + 4)/(-1) + 4. Suppose -2*m = -4*u - 16, -y*u - 15 = -5*m + 7. Let s(x) = 6*x**2 - 2*x - 5. What are the prime factors of s(u)?
5, 11
Suppose -5*q + 14 = -q + s, -q + 4*s = -12. Suppose -c - q*i + 56 = -16, -4*i = -5*c + 336. What are the prime factors of c?
2, 17
Suppose -25 = -d - 3. Let f = d + -16. Suppose -f*t + 85 - 19 = 0. List the prime factors of t.
11
What are the prime factors of (-13320)/(-68) + (-6)/(-51)?
2, 7
Suppose -3*d + 4*f + 527 = 5*f, -5*f - 709 = -4*d. Suppose 5*o = -3*q + d, 0 = -4*q - 0*q - 4*o + 240. What are the prime factors of q?
2, 31
Let g be 1*(-3 - (4 + -6)) + -59. Let t = g + 155. What are the prime factors of t?
5, 19
Let t(u) = u - 12. Let x be t(10). Let j be 6/x - 234/(-1). Suppose 5*a - 2*k = j, 4*k + 62 = 4*a - 118. What are the prime factors of a?
47
Let n be 5*-1*2/(-10). What are the prime factors of (n + -6)*((-6)/(-6) - 4)?
3, 5
Let q = 8 + 0. Let a(l) = 6 + l - 5 + l - q. List the prime factors of a(11).
3, 5
Suppose 2*t - 521 = -r + 271, r + t - 792 = 0. List the prime factors of r.
2, 3, 11
Suppose -4*f + 2*w = 84, -11*f - 4*w - 84 = -7*f. Suppose 0 = 7*l - 3*l - 120. Let u = l + f. List the prime factors of u.
3
Let k(t) be the second derivative of -7*t**3/3 - 4*t**2 + 11*t. List the prime factors of k(-2).
2, 5
Let r be (5/(-4))/((2 - -1)/(-36)). Suppose 102 = -12*m + r*m. List the prime factors of m.
2, 17
Let g(d) = -15*d**2 - 7*d + 2. Let n(u) = u. Let r(l) = -g(l) - 6*n(l). List the prime factors of r(-2).
2, 7
Let q = -133 - -138. Suppose -6*l + l + q*r + 115 = 0, 0 = -5*l - 4*r + 79. List the prime factors of l.
19
Let y(n) = -27*n + 539. List the prime factors of y(8).
17, 19
Let y = -1448 - -2680. List the prime factors of y.
2, 7, 11
Let z(i) = i**3 - 5*i**2 + 44*i + 19. List the prime factors of z(8).
563
Let r be (-1)/1*(-6 + 3). Suppose 5*t = r*i + 315, 5*t - 4*i - 156 = 154. List the prime factors of t.
2, 3, 11
Let q = -27 + 35. Let p = 46 - q. What are the prime factors of p?
2, 19
Let l = -47 + 113. What are the prime factors of (-1142)/(-8) - l/88?
2, 71
List the prime factors of 520795/765 - 1/9*-2.
3, 227
Suppose 0 = -10*t + 5*t - 440. Let b be 8/16*t/2. Let k = b - -39. List the prime factors of k.
17
Suppose 0 = -4*r - l + 448, 2*r + 4*l - 323 = -r. Suppose 33 - r = -4*y. Suppose y = -0*t + t. What are the prime factors of t?
2, 5
Let k = 17 + -14. Suppose -a = 4*n - 5*n + 3, -2*a = k*n + 1. Suppose 0 = -r - x + 1 + n, x = -2*r + 6. What are the prime factors of r?
2
Suppose 20 = 2*g + 3*g. Suppose 4*o - 20 = -g. Suppose -o*f = 57 - 161. What are the prime factors of f?
2, 13
Let o(n) = n**3 + 8*n**2 + 2*n + 18. Let v be o(-8). Suppose 4*j + 176 = 6*j + v*s, 0 = -2*j - 3*s + 175. List the prime factors of j.
89
Suppose 0 = -6*k - 0*k - 96. Let g = k + 24. List the prime factors of g.
2
Let i(q) = -3*q**3 - 13*q**2 - 52*q + 5. List the prime factors of i(-5).
3, 5, 7
Suppose 0 = 10*d - 9650 - 2640. What are the prime factors of d?
1229
Suppose 44*a = -5*a + 10829. What are the prime factors of a?
13, 17
Let h(d) = -5*d**2 - 5*d + 5. Let c be h(2). Suppose -4*x = -f - 166, 5*f - 270 = -5*x - 50. Let y = x + c. What are the prime factors of y?
17
Let d = -756 - -1182. What are the prime factors of d?
2, 3, 71
Let i = 2067 - 1231. List the prime factors of i.
2, 11, 19
Let j(o) = o**3 + 55*o**2 + 2*o + 273. List the prime factors of j(-54).
3, 13, 79
Let q = 510 - -3844. What are the prime factors of q?
2, 7, 311
Let j(b) = 4*b**3 - b**2 + 13*b - 160. List the prime factors of j(11).
2, 2593
Let b = -19 - -6. Let n(v) = v**2 + 14*v - 3. Let c be n(b). Let r(f) = f**2 + 12*f + 3. What are the prime factors of r(c)?
67
Let d = 54 + -97. Let m = d + 60. List the prime factors of m.
17
Let a = 813 + -386. List the prime factors of a.
7, 61
Let x(t) = t**2 + 2*t + 4. Let v be x(-2). Suppose 3*u + 0*l = -l + 96, v*u + 2*l = 128. What are the prime factors of u?
2
Let y(r) = -73*r + 34. What are the prime factors of y(-8)?
2, 3, 103
Let u = 13 - 12. Let d(q) = 20*q**2 - q + 1. List the prime factors of d(u).
2, 5
Let j = 19 - 22. Let s = j - -39. Suppose 2*o - s = o. What are the prime factors of o?
2, 3
Suppose 0 = 93*t - 119*t - 1664. Let k be 3*((-86)/(-6))/(-1). Let z = k - t. What are the prime factors of z?
3, 7
Let m(u) = 2*u**2 - 13*u + 128. What are the prime factors of m(12)?
2, 5, 13
Suppose 0 = -4*i, -i = 4*d - 226 - 1746. List the prime factors of d.
17, 29
Let o be (-2)/7 + 6/21. Suppose 3*w - 38 + 14 = o. What are the prime factors of (w/(-10))/(18/(-225))?
2, 5
What are the prime factors of -2 - (2 + -1 + -259)?
2
Suppose 26*c - 30829 = 2867. What are the prime factors of c?
2, 3
Let w be 7 - 3 - -1*(-4 + 2). List the prime factors of w/(-9) - (-820)/45.
2, 3
Suppose -4 = -5*d + 21. Suppose -5*y = -y. Suppose -d*q + 20 = y, -4*q = -5*z + q - 5. What are the prime factors of z?
3
Let q(b) be the third derivative of -b**6/120 + b**5/5 + 3*b**4/8 + 5*b**3/3 - 3*b**2. Let i be q(13). Let z = -3 - i. What are the prime factors of z?
3, 13
Let m be 5*9*(-4)/(-20). Suppose -3*o + 3*g + 9 = -m, 0 = -4*g + 8. Let v = o - 0. What are the prime factors of v?
2
Let g = 112 - 107. Suppose -g*y - o + 347 = -358, 3*y + 4*o - 406 = 0. List the prime factors of y.
2, 71
Suppose -5*o + 6 + 13 = 2*a, -2*a = 4*o - 18. Let m(p) = 10*p - 3*p - 15 - 2*p. What are the prime factors of m(a)?
2, 5
Let l = 162 + -160. List the prime factors of (-4)/l*11/2*-11.
11
Let x be 0 - 4/(16/(-972)). Suppose -4*s + 169 = -x. What are the prime factors of s?
103
Suppose -319 = -6*c - 31. Suppose 0 = x - c + 14. What are the prime factors of x?
2, 17
Let n(s) = s - 6. Let a be n(6). Let q be -2*(-2 + 3)*6/(-4). Suppose -2*m + q*m - 15 = a. What are the prime factors of m?
3, 5
Let f = -10 - -3. Let d = 53 - f. Let k = d + -28. What are the prime factors of k?
2
List the prime factors of -3 + ((-569)/(-2) - (-8)/16).
2, 3, 47
What are the prime factors of 148 + -3 + (12 - 4 - 2)?
151
Let k(n) = 8*n - 1. Let x(m) = -m. Let s(t) = -k(t) + x(t). List the prime factors of s(-3).
2, 7
Let j = 630 + -50. What are the prime factors of j/70 - (-4)/(-14)?
2
Let c = 11553 - 7525. List the prime factors of c.
2, 19, 53
Let i = 23 - -9. Let p = 42 - i. What are the prime factors of p?
2, 5
Suppose -11*q = -462 + 99. Let p be (8/3)/((-1)/9). Let l = q + p. List the prime factors of l.
3
Suppose -4*h + 9 + 11 = 0. Let w = -6 + h. Let c(i) = 20*i**2 + i. List the prime factors of c(w).
19
Suppose 338 + 67 = z. List the prime factors of (-5)/(30/(-16))*z/10.
2, 3
Let q(z) = -z**3 - 4*z**2 - 3*z + 2. Let h be q(-3). Suppose h*t - 150 = 26. List the prime factors of ((-23)/4)/((-11)/t).
2, 23
Let w(p)